8*y - 33. Let z(c) = 13*c**3 - 3*c**2 + c + 1. Calculate the remainder when z(2) is divided by d(v).
31
Suppose 7*i - 11*i = 2*t - 20, 0 = 4*t - i - 22. Calculate the remainder when 19 is divided by 10/t*(8 + 1).
4
Suppose -36*s - 4 = -32*s, 4*a - 21353 = s. What is the remainder when a is divided by 15?
13
Let r(d) = -6*d**2 + 7*d - 8. Let m be r(-5). Let y = m - -264. Calculate the remainder when y is divided by 9.
8
Let y(k) = 5*k**2 + 10*k + 34. Suppose -4*b = -3*o - 208, b - o - 33 = -5*o. Calculate the remainder when b is divided by y(-3).
0
Let o(b) = 3*b**2 + 29*b + 20. Let r(j) = j**2 + j. Let z(f) = -o(f) - r(f). Let v(t) = -9*t - 2. What is the remainder when z(-5) is divided by v(-2)?
14
Let z(g) = g**3 - 65*g**2 - 577*g - 220. Calculate the remainder when 829 is divided by z(73).
247
Suppose -3*j + 149 + 34 = 0. Let n = j + -55. Let c(p) = -p**3 - 2*p**2 - p + 25. What is the remainder when c(0) is divided by n?
1
Let a(z) = -231 - 9*z + 202 - 10*z. Calculate the remainder when 130 is divided by a(-5).
64
Suppose -12*p + 3*j = -9*p, -5*p + 7 = 2*j. What is the remainder when 104 is divided by (28/8)/(p/2)?
6
Let m = -108 - -109. What is the remainder when 363/11*(2/6 + m) is divided by 23?
21
Let q(u) = 2748*u**3 + 3*u**2 - 7*u + 4. What is the remainder when q(1) is divided by 162?
156
Suppose 5*j + 15 = 0, -2*t = -0*t + 4*j - 102. Suppose -4*q + 5*r = -0*r - t, 4*q - 22 = -2*r. What is the remainder when 13 is divided by q?
5
Let o = 441 - 859. Let t = -260 - o. Calculate the remainder when t is divided by 27.
23
Suppose 0 = 5*p + 4*f - 84, -p - p + 5*f = -60. Calculate the remainder when 1738 is divided by p.
18
Suppose 36*y - 4*y - 117 = -7*y. Calculate the remainder when 354 is divided by y.
0
Let i = 12 + 19. Suppose -3*u - 65 = -74. What is the remainder when ((-96)/128)/(u/(-236)) is divided by i?
28
Let n = -80 - -80. Suppose -c + 2*c + 22 = -2*w, 5*c - 10 = n. Calculate the remainder when 110 is divided by 2*18/w - -40*1.
36
Let l(k) = -43*k - 85. Suppose 0 = -13*g + 9*g + 516. Calculate the remainder when g is divided by l(-3).
41
Suppose -71*n + 72*n + 11448 = 5*c, 0 = -5*c - n + 11462. Calculate the remainder when c is divided by 92.
83
Suppose 724 = -8*h + 908. What is the remainder when h is divided by (-4)/(-8) + (-7)/(-2)?
3
Suppose 5*w = -f + 81, -5*w + 174 - 27 = 2*f. Suppose 55 - 105 = -7*q + 41. What is the remainder when f is divided by q?
1
Suppose 3*o = -71 - 25. Let i = o + 120. Let b(w) = -w**3 + 2*w**2 + 20*w + 14. What is the remainder when i is divided by b(-4)?
28
Suppose 3*c = -5*z + 85, 0*c = -5*c + 4*z + 154. Suppose 3*r - 45 = 4*w, -3*r + r = -w - c. Calculate the remainder when (-8)/10 + 278/10 is divided by r.
12
Calculate the remainder when -40 + 27 + 279 + -1 is divided by 39.
31
Suppose -531 + 377 = 32*s - 4218. Calculate the remainder when s is divided by 81.
46
Suppose -28 = -26*a + 50. Suppose 0 = a*w + 281 - 383. Calculate the remainder when 270 is divided by w.
32
Let h(q) = -4*q + 16. Let w be h(5). Let u = 44 - w. Calculate the remainder when 65 is divided by u.
17
Calculate the remainder when 939 is divided by 476/28 - 414/(-6).
79
Suppose 3*b - 2202 = -3*b. Suppose -b = 8*f + 417. Let u = f + 99. Calculate the remainder when 11 is divided by u.
0
Suppose -7*q = 5*d - 5*q - 169, 2*d + 3*q = 83. Calculate the remainder when 1362 is divided by d.
29
What is the remainder when 189 is divided by 11 - ((-42)/(-3) + -18)?
9
Suppose -2*o = 10 - 50. Suppose -3*s - 2*s = -o. Suppose 7 + 9 = s*v, -12 = -2*h + 5*v. What is the remainder when 62 is divided by h?
14
Suppose 7*o - 24 = -3*d + 3*o, 2*o = d + 2. Suppose 3*f + 5*g = 76, -4*g = -d*f - f + 176. What is the remainder when 61 is divided by f?
29
What is the remainder when 13088/60 - (9/(-30))/((-18)/8) is divided by 111?
107
Let c = -439 - -278. Let t be 3/((-6)/c) + 6/(-4). Suppose -21 = -4*x + t. What is the remainder when 98 is divided by x?
23
Suppose 0 = -4*c - 3*m + 13, 5*m - 2*m = -5*c + 17. Suppose -c*q + 3*t + 237 = 0, -4*t = t - 25. What is the remainder when 185 is divided by q?
59
Suppose -o - 614 - 132 = -5*t, -2*t - 2*o + 308 = 0. Let i(q) = -q**3 - 16*q**2 + 4*q + 73. What is the remainder when t is divided by i(-16)?
6
Suppose 0 = -5*m + 9*m + 212. Let v = 93 + m. What is the remainder when v is divided by 22?
18
Let a(t) = -t**3 - 47*t**2 - 44*t + 105. Let k(b) = 4*b**2 + 2*b. Let p be k(-2). Calculate the remainder when a(-46) is divided by (p/14)/(1/7).
1
Let f = 35 + -20. What is the remainder when (-2268)/24*104/(-546) is divided by f?
3
Let f = 50 - 36. Let w be (-21)/(-2)*((-600)/f)/(-5). Suppose -5*l + w = -265. Calculate the remainder when l is divided by 20.
11
Suppose -6*c = -3*c - 132. Let p be 100/3 - c/(-66). What is the remainder when 98 is divided by (p/5)/(7/35)?
30
Let r(c) = 5*c**2 - 286*c + 246. Calculate the remainder when r(-12) is divided by 27.
24
What is the remainder when 43/688 + (-6714)/384*-4 is divided by 1 + 32 - (4 - 2)?
8
Let a(j) = j**3 - 23*j**2 - 48*j - 43. Let m be a(25). Calculate the remainder when 300 is divided by -4 + m/((-35)/(-10)) + 40.
34
Suppose -963*w + 807*w + 49296 = 0. Calculate the remainder when w is divided by 29.
26
Suppose 0 = 4*z - 31*z + 6183. Suppose 195 = -b + z. Calculate the remainder when b is divided by 11.
1
Suppose 3*y - 7*y = 0. Suppose y = -2*w + 2 + 16. Calculate the remainder when (125 + -115)*(-5)/(-2) is divided by w.
7
Let c(f) = 2*f**2 + 50*f + 105. Let v be c(-30). Suppose 35*x = 2400 - v. What is the remainder when x is divided by 31?
26
Let t be 2/(2 + (-9)/6). Suppose 0 = t*z - 12, -3*z - 8 = -3*x + 1. What is the remainder when -63*(5 + 96/(-18)) is divided by x?
3
Suppose -5*y = 2*r - 351, -2*y - 17 = -5*r - 140. What is the remainder when 1045 is divided by y?
10
Suppose 0 = -13*c + 105 - 1. Suppose c*o - 98 = -10. Calculate the remainder when o is divided by 10.
1
Let c = -489 + 568. Suppose c = -3*l + 196. Calculate the remainder when 152 is divided by l.
35
Calculate the remainder when 90 is divided by (-830)/(-48)*4 + (-185)/(-222).
20
Suppose -4*s - t = -206, 6*s - 2*s - 198 = -5*t. Calculate the remainder when s is divided by 49/7 + 2772/(-297)*6/(-8).
10
Let g(u) = u**3 - 10*u**2 - 13*u + 44. Let m be g(12). Suppose n - 12*n = -m. What is the remainder when 24 is divided by n?
8
Let w(f) = -211*f - 806. Let o(c) = -12*c - 22 - c**2 - 2 - 3*c + 6. What is the remainder when w(-4) is divided by o(-13)?
6
What is the remainder when 320 is divided by (-153)/(-459)*5/(10/324)?
50
Suppose 11*r + 84 = 17*r. What is the remainder when 60 is divided by (-49)/(-14)*88/r?
16
Let n = -158 - -238. Suppose -5*z - 10 = -n. Suppose 0 = -i + 26 - 0. Calculate the remainder when i is divided by z.
12
Suppose -5*y - 65 = -2*g - 2, 4*g - 105 = 3*y. Suppose -162 - 189 = -3*i. Suppose -4*j + 17*j = i. Calculate the remainder when g is divided by j.
6
Let b = 198 - 196. Suppose b*q - 61 = a, -q + 2*a + 60 = q. Calculate the remainder when 91 is divided by q.
29
Let i(n) = -66*n - 1086. Calculate the remainder when 319 is divided by i(-17).
31
Suppose r + 3*r = -2*t + 864, 5*t + 3*r - 2195 = 0. What is the remainder when t is divided by 57?
43
What is the remainder when 674 is divided by ((-9900)/(-88))/((-6)/(-16)) + 7?
60
Suppose -5*b = m - 78, -152 = -5*m + 5*b + 268. Calculate the remainder when 242 is divided by m.
76
Suppose a - 53 = k, 3*a + 3*k = 57 + 114. Let r = a - -141. What is the remainder when r is divided by 40?
36
Suppose -2*u + 155 + 55 = o, -u + 615 = 3*o. What is the remainder when o is divided by 9?
6
Let z(p) = 14*p + 88. Let v be z(-6). Suppose -v*r - 12 = 0, -104 + 3 = -2*w - 5*r. Suppose 6*q = 3*q + 36. Calculate the remainder when w is divided by q.
10
Suppose 6 = 2*k, -2*k = r - 3*k + 396. Calculate the remainder when 73 is divided by (-4)/(-14) + r/(-63)*3.
16
Suppose -4*d = -3*k - 970, 531 - 51 = 2*d - 4*k. Let t = d + -106. Calculate the remainder when t is divided by 39.
21
Let z = -35 + 42. Let m = 10 - z. Let x(d) = d + 19. Calculate the remainder when x(-13) is divided by m.
0
Let t be -4 + 6 + -4 + 6. What is the remainder when 15 is divided by (-3 - -5) + t + -3?
0
Suppose u = -a + 2, -3 = 2*u + 3*a - 6. Suppose -21 + 1